 - 33*o + 5. Determine i(-2).
7
Let d(m) = 4*m**3 - 12*m**2 - 35*m + 3. Give d(-4).
-305
Let m(z) = -340*z + 9858. Give m(29).
-2
Let a(d) = -4*d**2 + 8*d - 6. Give a(6).
-102
Let b(g) = -150*g - 610. Give b(-4).
-10
Let p(d) = -50*d + 1606. Calculate p(32).
6
Let l(t) = t**2 - 156*t + 3776. What is l(126)?
-4
Let j(w) = -398*w**3 + 2*w**2 + 118*w + 116. Determine j(-1).
398
Let r(x) = -3*x**2 + 176*x + 2096. Give r(-10).
36
Let h(r) = 5*r**2 - 68*r - 62. Determine h(14).
-34
Let b(c) = 9*c**2 - 202*c + 1098. Give b(10).
-22
Let o(u) = 203*u + 261. What is o(-2)?
-145
Let x(t) = 8*t + 70. Determine x(-8).
6
Let b(h) = 43*h**2 - 73*h + 226. Determine b(3).
394
Let p(k) = -5*k**2 + 168*k + 130. Calculate p(36).
-302
Let o(u) = 205*u - 4321. Give o(21).
-16
Let s(x) = x**3 + 14*x**2 - 25*x - 2. Give s(-16).
-114
Let n(h) = 18*h**2 + 236*h + 64. Give n(-13).
38
Let q(m) = 3*m**3 + 3*m**2 - m + 9. What is q(-3)?
-42
Let o(l) = 40*l**2 - 24*l + 51. Calculate o(2).
163
Let d(v) = -v**3 - 15*v**2 - 9*v - 110. Give d(-17).
621
Let p(s) = 37*s + 78. Give p(2).
152
Let c(w) = -4*w + 78. Give c(-11).
122
Let t(s) = 2881*s + 8634. Give t(-3).
-9
Let a(w) = -9*w**3 + 13*w**2 + 22*w - 2. What is a(-2)?
78
Let b(i) = 217*i - 20224. Determine b(93).
-43
Let w(p) = 2*p**3 + 83*p**2 + 26*p + 227. What is w(-41)?
842
Let n(m) = 14033*m - 126293. Calculate n(9).
4
Let a(d) = -2*d**2 - 591*d + 8670. Calculate a(14).
4
Let s(t) = 27*t - 482. Determine s(20).
58
Let s(l) = -2*l**3 - 10*l**2 - 19*l - 102. Give s(-5).
-7
Let m(z) = -z**3 + 20*z**2 - 51*z + 22. Give m(17).
22
Let g(j) = -17*j**2 - 1028*j - 1030. Give g(-1).
-19
Let m(f) = -f**3 + 7*f**2 - 18*f + 31. Determine m(5).
-9
Let p(k) = k**3 - 15*k**2 - 26*k - 122. Determine p(17).
14
Let h(t) = 3*t**3 - 222*t**2 - 3*t + 40. What is h(74)?
-182
Let q(t) = 6*t**2 + 109*t - 53. What is q(-18)?
-71
Let x(s) = -3*s**2 + 36*s - 31. What is x(-9)?
-598
Let n(i) = -37*i**2 - 33*i - 2. Calculate n(-1).
-6
Let y(b) = -16*b**2 - 3*b - 7. Give y(-2).
-65
Let m(w) = -w**2 + 50*w + 533. What is m(53)?
374
Let i(m) = -11*m + 422. Calculate i(50).
-128
Let f(c) = -c**3 + 3*c**2 - 10*c + 147. Determine f(6).
-21
Let x(c) = 6*c**3 - 26*c**2 - 14*c + 48. What is x(4)?
-40
Let v(w) = 3*w**2 + 164*w + 330. Determine v(-2).
14
Let k(r) = -r**3 - 25*r**2 + 117*r - 1. What is k(4)?
3
Let b(y) = y**3 + 21*y**2 + 85*y - 53. What is b(-15)?
22
Let f(b) = b**3 + 51*b**2 + 99*b + 60. Determine f(-49).
11
Let a(y) = -y**2 + 225*y + 1386. Calculate a(-6).
0
Let v(o) = 70*o - 1960. Determine v(28).
0
Let r(i) = 869*i + 8699. Give r(-10).
9
Let m(a) = -2*a**3 + 20*a**2 - 22*a - 12. Calculate m(9).
-48
Let q(y) = 79*y**2 + 1025*y - 18. Give q(-13).
8
Let v(m) = 2*m**2 + 62*m + 49. Determine v(-9).
-347
Let n(a) = -2*a**3 - 177*a**2 + 90*a + 72. Calculate n(-89).
-17
Let d(j) = j**2 + 418*j + 4037. Calculate d(-10).
-43
Let h(n) = n**3 + 55*n**2 + 160*n + 176. Calculate h(-52).
-32
Let k(l) = l**2 - 52*l + 192. What is k(6)?
-84
Let v(l) = 4*l + 71. Give v(-17).
3
Let h(r) = -r**3 - 39*r**2 - 146*r - 87. Determine h(-35).
123
Let g(t) = -2*t**2 + 39*t + 99. What is g(28)?
-377
Let j(p) = 355*p**2 + 3554*p + 43. What is j(-10)?
3
Let y(g) = 6*g**2 - 13*g - 10. Determine y(6).
128
Let v(l) = l**3 - 7*l**2 - 39*l - 216. What is v(12)?
36
Let o(v) = -419*v**2 - 5*v - 2. What is o(-1)?
-416
Let f(k) = -k**3 + 12*k**2 + 189*k - 2281. Calculate f(13).
7
Let b(r) = -50*r + 365. Determine b(7).
15
Let y(h) = -h**2 + 34*h + 6. What is y(0)?
6
Let u(i) = i**3 - 29*i**2 - 23*i - 208. Give u(30).
2
Let z(a) = -a**2 + 36*a + 403. Calculate z(-8).
51
Let f(u) = 7*u**2 - 17*u + 7. What is f(4)?
51
Let k(j) = j**2 - 1060*j + 6314. Give k(6).
-10
Let v(j) = -j + 13. What is v(2)?
11
Let n(g) = 5*g**3 + 44*g**2 + 56*g - 7. What is n(-7)?
42
Let m(j) = 4*j**2 - 245*j + 30. Give m(61).
-31
Let j(d) = 180*d - 539. Determine j(3).
1
Let o(q) = -10*q**2 + 810*q - 4. Calculate o(81).
-4
Let z(v) = 50*v**2 - 154*v - 1. Calculate z(3).
-13
Let t(c) = -448*c - 3992. What is t(-9)?
40
Let m(q) = -17506*q + 70015. What is m(4)?
-9
Let t(i) = -i - 227. Calculate t(-30).
-197
Let i(p) = -50*p + 2440. What is i(49)?
-10
Let a(t) = 18*t**3 - 88*t**2 - 21*t + 46. What is a(5)?
-9
Let i(k) = 93*k + 7645. Calculate i(-81).
112
Let k(i) = 2*i**3 - 17*i**2 + 106*i - 454. Give k(6).
2
Let f(s) = -47*s - 1356. Give f(-29).
7
Let x(j) = -j**3 - 32*j**2 - 263*j - 14. Give x(-17).
122
Let p(d) = -d**3 + 24*d**2 - d - 53. Calculate p(24).
-77
Let k(f) = -32*f**2 + 62*f + 4. Give k(2).
0
Let j(y) = -64*y - 1513. Determine j(-23).
-41
Let a(t) = -13*t + 260. What is a(-59)?
1027
Let v(t) = -63*t + 6235. Give v(98).
61
Let f(c) = c**3 - 14*c**2 - 49*c + 9. Determine f(18).
423
Let k(c) = -c**2 + 19*c - 13. What is k(17)?
21
Let m(o) = 3*o**2 + 272*o - 8003. Give m(-114).
-23
Let f(n) = 207*n - 2269. What is f(11)?
8
Let y(x) = -2*x**2 + 269*x - 1163. Determine y(130).
7
Let i(r) = -3*r**2 - 15*r - 3. Calculate i(-5).
-3
Let q(v) = -2*v**3 - 21*v**2 + 35*v + 562. What is q(-9)?
4
Let n(z) = z**2 + 167*z + 1689. What is n(-11)?
-27
Let i(s) = -96*s - 422. Give i(-5).
58
Let c(i) = i**3 - 7*i**2 - 4*i + 39. What is c(6)?
-21
Let l(s) = -13*s**2 - 65*s + 47. Give l(-5).
47
Let v(p) = -6*p**3 - 5*p**2 + 13*p - 18. Give v(3).
-186
Let g(m) = 4263*m + 98051. Calculate g(-23).
2
Let w(o) = 3*o**2 - 108*o + 6. Calculate w(34).
-198
Let s(l) = 52*l**2 - 894*l + 173. Determine s(17).
3
Let s(f) = 3*f**2 + 83*f - 855. Give s(10).
275
Let n(b) = 983*b + 2884. Give n(-3).
-65
Let p(y) = -575*y - 6360. Determine p(-11).
-35
Let j(u) = -39*u - 623. Determine j(-16).
1
Let x(g) = g**2 - 12*g + 19. Calculate x(3).
-8
Let h(m) = -7*m**2 - 16*m - 63. Determine h(-6).
-219
Let r(t) = -93*t**3 + 4*t**2 + 6*t + 3. What is r(-1)?
94
Let c(h) = -h**2 - 20*h + 5. Determine c(2).
-39
Let z(s) = -s**2 + 2*s + 340. Give z(-21).
-143
Let c(p) = -12*p**2 - 19*p. Determine c(0).
0
Let f(s) = -3*s**2 - 1061*s - 7314. Calculate f(-7).
-34
Let z(g) = -17*g**2 + 423*g + 73. What is z(25)?
23
Let s(z) = -846*z + 2507. Calculate s(3).
-31
Let u(j) = -156*j - 8268. Give u(-53).
0
Let w(x) = -8*x**2 + 54*x + 1. Give w(7).
-13
Let l(j) = 18*j**2 + 820*j - 365. What is l(-46)?
3
Let l(f) = 62*f + 191. Calculate l(-3).
5
Let k(o) = o**3 - 61*o**2 - 62*o + 50. Determine k(62).
50
Let v(c) = c**2 - 34*c + 163. Give v(24).
-77
Let a(w) = 5159*w - 82532. What is a(16)?
12
Let s(x) = 28*x**3 + x**2 + 37*x - 74. What is s(2)?
228
Let c(g) = g**3 - 5*g**2 - 71*g + 83. Determine c(-7).
-8
Let q(z) = -z**2 - z + 377. Determine q(-20).
-3
Let a(o) = -2*o**3 - 34*o**2 - 20*o + 13. Calculate a(-16).
-179
Let c(j) = -j**3 - 35*j**2 + 155*j + 22. Give c(-39).
61
Let m(j) = -658*j + 2654. Give m(4).
22
Let i(m) = 3*m**2 + 470*m + 7487. Calculate i(-18).
-1
Let s(a) = 1935*a + 3824. What is s(-2)?
-46
Let f(q) = -5*q**2 + 21*q + 72. What is f(7)?
-26
Let u(b) = -b**3 + 17*b**2 - 24*b - 107. Give u(15).
-17
Let t(s) = -s**3 - 6*s**2 - 56*s - 252. What is t(-5)?
3
Let t(r) = 431*r + 868. Determine t(-2).
6
Let g(q) = q**3 + 21*q**2 + 52*q - 22. Calculate g(-18).
14
Let j(s) = -2478*s + 39680. What is j(16)?
32
Let l(c) = 158*c - 24504. Determine l(155).
-14
Let p(r) = -492*r - 1. Determine p(0).
-1
Let f(s) = -3*s**3 - 3*s**2 + 3*s + 71. Determine f(0).
71
Let m(b) = b**3 - 12*b**2 - 80*b + 874. Determine m(13).
3
Let o(s) = -s**3 + 34*s**2 - 53*s - 350. Give o(32).
2
Let f(k) = -14*k**2 + 96*k - 150. Calculate f(10).
-590
Let f(z) = 3*z**2 - 41*z + 79. Give f(11).
-9
Let c(q) = -2*q**3 + 293*q**2 - 191*q + 6553. Determine c(146).
-17
Let a(h) = -2*h**3 - 13*h**2 - 17*h + 106. Determine a(-5).
116
Let g(h) = -538*h - 9677. Give g(-18).
7
Let u(y) = -4*y**2 - 101*y - 101. What is u(-1)?
-4
Let y(b) = -5*b**2 + 69*b + 24. Determine y(15).
-66
Let m(z) = 404*z - 63837. Determine m(158).
-5
Let o(x) = -x**3 - 10*x**2 - 20*x - 16. Give o(-7).
-23
Let b(w) = 12*w - 84. What is b(11)?
48
Let k(m) = -6*m**2 + 4*m - 5. Give k(-2).
-37
Let v(d) = -73*d**3 + 295*d**2 - 4*d - 5. Give v(4).
27
Let y(l) = -l**2 + 114*l + 2802. Determine y(132).
426
Let k(y) = 3*y**3 + 83*y**2 - 167*y + 7. Determine k(2).
29
Let l(f) = 73*f - 311. Calculate l(4).
-19
Let d(p) =